reatest common divisor of 88 and 4345.
11
Calculate the greatest common factor of 138 and 150.
6
What is the highest common factor of 8 and 1092?
4
What is the greatest common factor of 124 and 1922?
62
What is the greatest common divisor of 567 and 1?
1
Calculate the highest common divisor of 20 and 13.
1
Calculate the greatest common factor of 44 and 11308.
44
What is the greatest common factor of 6730 and 30?
10
What is the highest common factor of 45 and 9360?
45
Calculate the greatest common factor of 187 and 374.
187
Calculate the greatest common factor of 14 and 6608.
14
Calculate the highest common factor of 96 and 5556.
12
What is the highest common factor of 48 and 147?
3
What is the greatest common divisor of 19 and 57?
19
What is the highest common factor of 101 and 1?
1
Calculate the greatest common divisor of 27 and 657.
9
What is the highest common divisor of 156 and 39?
39
What is the greatest common factor of 1010 and 10?
10
What is the greatest common factor of 47 and 94?
47
What is the highest common divisor of 22 and 583?
11
What is the highest common divisor of 60 and 17620?
20
Calculate the highest common factor of 96 and 1512.
24
What is the greatest common divisor of 4304 and 16?
16
Calculate the highest common divisor of 16 and 10376.
8
Calculate the greatest common factor of 160 and 10.
10
What is the greatest common factor of 5640 and 600?
120
Calculate the highest common factor of 129 and 15.
3
Calculate the greatest common factor of 24 and 108.
12
What is the highest common factor of 3960 and 11?
11
What is the greatest common factor of 200 and 6400?
200
What is the greatest common factor of 114 and 3686?
38
What is the greatest common factor of 16 and 8648?
8
What is the highest common factor of 31 and 5859?
31
What is the greatest common divisor of 33 and 1298?
11
What is the highest common divisor of 184 and 40?
8
Calculate the greatest common divisor of 38077 and 377.
377
Calculate the highest common divisor of 39 and 299.
13
Calculate the greatest common factor of 1127 and 49.
49
What is the greatest common factor of 34 and 221?
17
What is the greatest common divisor of 40725 and 5?
5
Calculate the greatest common divisor of 12551 and 154.
77
Calculate the greatest common factor of 165 and 195.
15
Calculate the highest common factor of 60 and 7860.
60
What is the highest common divisor of 77 and 21?
7
What is the greatest common factor of 3219 and 87?
87
Calculate the greatest common factor of 39 and 208.
13
What is the highest common factor of 38 and 3439?
19
Calculate the greatest common divisor of 1520 and 40.
40
What is the greatest common divisor of 504 and 70?
14
What is the highest common divisor of 150 and 330?
30
Calculate the highest common factor of 598 and 52.
26
Calculate the greatest common factor of 15 and 405.
15
What is the greatest common factor of 1276 and 132?
44
What is the greatest common factor of 75 and 5025?
75
What is the highest common divisor of 325 and 4525?
25
Calculate the greatest common divisor of 1178 and 124.
62
Calculate the highest common divisor of 98 and 8.
2
What is the greatest common factor of 54 and 1593?
27
Calculate the highest common divisor of 762 and 6350.
254
What is the highest common divisor of 398 and 3781?
199
Calculate the greatest common divisor of 4 and 684.
4
Calculate the greatest common factor of 44 and 704.
44
What is the highest common divisor of 105 and 89040?
105
Calculate the greatest common divisor of 40 and 312.
8
Calculate the highest common divisor of 1188 and 33.
33
Calculate the greatest common factor of 1176 and 72.
24
Calculate the highest common factor of 45 and 1035.
45
Calculate the highest common divisor of 324 and 36.
36
Calculate the greatest common factor of 1540 and 140.
140
What is the greatest common divisor of 388 and 3977?
97
What is the greatest common divisor of 74 and 481?
37
What is the highest common divisor of 79257 and 174?
87
What is the greatest common factor of 35 and 7?
7
What is the highest common factor of 75 and 25?
25
Calculate the highest common factor of 14007 and 322.
161
What is the highest common factor of 985 and 40?
5
Calculate the greatest common divisor of 726 and 132.
66
Calculate the greatest common factor of 80 and 2000.
80
What is the highest common factor of 13 and 377?
13
Calculate the greatest common factor of 98 and 98.
98
Calculate the highest common factor of 25 and 40.
5
Calculate the greatest common factor of 87 and 3.
3
Calculate the greatest common factor of 46 and 1058.
46
Calculate the highest common divisor of 110 and 44.
22
What is the greatest common divisor of 1541 and 46?
23
What is the greatest common divisor of 54 and 2538?
54
Calculate the greatest common divisor of 12 and 426.
6
Calculate the greatest common factor of 99452 and 188.
188
Calculate the greatest common divisor of 663 and 51.
51
What is the highest common factor of 2208 and 192?
96
What is the greatest common divisor of 264 and 2244?
132
Calculate the highest common divisor of 9 and 57.
3
What is the greatest common factor of 7 and 3073?
7
Calculate the greatest common divisor of 10 and 1090.
10
Calculate the highest common factor of 14155 and 19.
19
What is the greatest common divisor of 120 and 9570?
30
What is the greatest common divisor of 3603 and 3?
3
What is the greatest common divisor of 34 and 6?
2
What is the greatest common divisor of 15435 and 18?
9
Calculate the highest common divisor of 16416 and 114.
114
Calculate the highest common factor of 9982 and 124.
62
Calculate the highest common divisor of 3111 and 183.
183
What is the greatest common factor of 85 and 41?
1
Calculate the greatest common factor of 505 and 5.
5
What is the highest common factor of 47685 and 55?
55
What is the highest common divisor of 220 and 60?
20
What is the highest common divisor of 86 and 86?
86
Calculate the highest common divisor of 285 and 30.
15
What is the greatest common factor of 688 and 16?
16
Calculate the greatest common factor of 176 and 2024.
88
What is the greatest common factor of 8070 and 30?
30
What is the greatest common divisor of 1287 and 4356?
99
What is the highest common divisor of 18 and 25?
1
What is the greatest common factor of 1180 and 5?
5
What is the highest common divisor of 4278 and 1116?
186
Calculate the greatest common divisor of 500 and 40.
20
What is the highest common factor of 775 and 217?
31
Calculate the greatest common factor of 48 and 12.
12
Calculate the greatest common factor of 1690 and 10.
10
Calculate the greatest common divisor of 260 and 1612.
52
What is the greatest common factor of 2190 and 30?
30
What is the greatest common divisor of 16 and 528?
16
What is the highest common divisor of 5 and 415?
5
Calculate the highest common divisor of 12 and 804.
12
Calculate the highest common factor of 237 and 79.
79
What is the greatest common divisor of 302 and 8003?
151
Calculate the greatest common factor of 17 and 1207.
17
What is the greatest common factor of 190 and 20?
10
Calculate the highest common divisor of 29 and 5742.
29
What is the highest common divisor of 199 and 3781?
199
What is the highest common divisor of 96 and 84?
12
Calculate the greatest common divisor of 344 and 1462.
86
What is the greatest common factor of 675 and 189?
27
Calculate the greatest common divisor of 298 and 2831.
149
Calculate the greatest common factor of 9650 and 50.
50
Calculate the highest common factor of 32 and 36.
4
Calculate the highest common factor of 330 and 1254.
66
What is the greatest common divisor of 130 and 1066?
26
What is the highest common factor of 615 and 3485?
205
Calculate the greatest common factor of 707 and 7.
7
What is the greatest common divisor of 54 and 508?
2
What is the highest common divisor of 280 and 2408?
56
What is the greatest common divisor of 261 and 18?
9
Calculate the greatest common factor of 22 and 282.
2
What is the greatest common divisor of 2257 and 37?
37
What is the greatest common divisor of 527 and 62?
31
Calculate the greatest common divisor of 18 and 18.
18
What is the highest common factor of 144 and 72?
72
Calculate the greatest common factor of 10107 and 36.
9
Calculate the highest common divisor of 30 and 700.
10
Calculate the gre